 p(t) = -36*t**3 + 4*t**2 - 25*t + 36. Let z = -80 + 71. Let b(q) = 9*q**3 - q**2 + 6*q - 9. Let c(o) = z*b(o) - 2*p(o). What is the tens digit of c(-3)?
7
Let h = -90 - -92. Suppose 3*l + 9 = -h*x - x, -4*l - 6 = -2*x. What is the hundreds digit of (-6)/l + (226 - -2)?
2
Let t = -18221 + 30788. What is the tens digit of t?
6
Suppose -3*p = -3*n + p + 87, -2*p - 159 = -5*n. Suppose -7*z = -n*z + 13910. What is the units digit of z?
5
Suppose 0 = 12*g - 4 + 28. What is the tens digit of (-1322)/g - 9/((-81)/36)?
6
Let m = 1531 + -1044. Suppose 0 = 2*t - 307 - m. Let a = -263 + t. What is the units digit of a?
4
Let q(p) = -2*p - 7*p + 12*p - 6. Let l be q(4). Suppose -26 - 16 = -l*w. What is the units digit of w?
7
Let i = 106 + -101. Suppose -237 = -i*g + 333. What is the units digit of g?
4
Suppose 0*k + 40 = 5*k. Let i(b) = -33 + 8452*b - 4223*b - 4216*b. What is the tens digit of i(k)?
7
Suppose -287 = 7*l - 49. Let t be 1/(4/8) + l. Let z = 57 + t. What is the tens digit of z?
2
Let h = 22889 - 12294. What is the units digit of h?
5
Let j(n) = 61847*n**3 + 621*n - 620. What is the hundreds digit of j(1)?
8
Suppose 5*r = 13*r - 72. Suppose r*a - 2485 = 2*a. What is the hundreds digit of a?
3
Suppose -7462 = -20*c + 7*c. Let x = 620 - c. What is the units digit of x?
6
Suppose 0 = 4*g + 5 - 17. Let b be 1 - ((-3)/g - 56). Suppose b + 56 = 2*w. What is the units digit of w?
7
Suppose 99595 = 3*n - 5*y - 60647, -3*n = 4*y - 160296. What is the ten thousands digit of n?
5
Let r be 723*(-140)/(-75) - 8/(-20). Let u = r - 736. What is the hundreds digit of u?
6
Let w(f) = 1916*f**3 - 5*f**2 + 2*f + 2. Suppose -v - 5*k - 9 = 0, -3*k + 0*k = -3*v + 9. What is the tens digit of w(v)?
1
Let i = 3518 - 2385. What is the units digit of i?
3
Let t(p) = 5*p**2 - 12*p + 15. Let b be (-2)/(-16)*-2*-12. Suppose b*o - 38 = -17. What is the hundreds digit of t(o)?
1
Let c be -3 - -6 - (2 + -7). Let h(a) = 16 + a + c*a + a**2 + 1 - 5. What is the units digit of h(-9)?
2
Suppose -8 = -p - 2. Suppose 2*i = -p*i + 800. What is the tens digit of i?
0
Let t(q) = 164*q - 190. Let z be t(30). Suppose 12*j - 2302 = z. What is the hundreds digit of j?
5
Let i = 268 + -256. Suppose -8729 = -i*a + 5*a. What is the thousands digit of a?
1
Let b(x) be the first derivative of x**4 + 2*x**3/3 - 12*x**2 + 9*x + 74. What is the hundreds digit of b(4)?
2
Let y be ((-10)/6)/((-10)/24). Let x(m) = m**2 + 4*m - 3. Let r be x(2). Suppose y*k = 75 + r. What is the units digit of k?
1
Let f = 21764 - -13073. What is the ten thousands digit of f?
3
Let w(k) = -2*k**3 - 19*k**2 + 13*k - 55. Let z be w(-15). Suppose 3*t - z - 376 = 0. What is the tens digit of t?
6
Let x(v) = -4*v**2 + 3*v - 19. Let q(l) = l**2 + 2*l - 1. Let u(n) = 2*q(n) - x(n). What is the hundreds digit of u(-4)?
1
Suppose -5*a + 14 = c - 5*c, -a - 4*c = 2. What is the tens digit of -1 - ((-232)/a - 3 - -4)?
1
Let s(g) = 241 - 174 + 2*g**2 + 34*g - 196. What is the hundreds digit of s(-31)?
7
Let r be ((-3)/3)/(1/(-2)). Suppose -x + r*x = 2*l - 167, 71 = l - 3*x. What is the units digit of l?
6
Let l(b) = -596*b**3 + 9*b**2 + b - 6. What is the units digit of l(-2)?
6
Suppose -4*g + 40270 = -y, -4*g = -3*y - 28248 - 12018. What is the units digit of g?
8
Suppose -2*w - 9*l + 69093 = -12*l, 0 = 4*l + 12. What is the tens digit of w?
4
Let i(k) = 2*k**2 - 7*k + 37. Let d be 2*(7 - (-5)/(-1)). What is the tens digit of i(d)?
4
Let a be (2 - (6 + -4)) + (0 - -1). Let i be a/6 + (-2421)/(-54). Suppose i = 13*p - 8*p. What is the units digit of p?
9
Let v = -588 - -3893. Suppose -3*f + 307 + v = 3*n, -f = -4*n - 1179. What is the thousands digit of f?
1
Let h(n) = n**2 - 31. Let l be h(6). Suppose 2*b - l*k - 1614 = -9*k, 4*b - 5*k = 3293. What is the hundreds digit of b?
8
Let w = 74 - 9. Let d = w - 60. Let i(r) = -r**2 + 10*r + 17. What is the tens digit of i(d)?
4
Let f(a) = 4813*a + 6434. What is the thousands digit of f(10)?
4
Suppose 3*u = -5*z + 34, -2*z - 2*z + 8 = -4*u. Suppose i + 2100 = 6*i - u*a, -2*a = 2*i - 840. Suppose -5*s - 85 = -i. What is the units digit of s?
7
Let t(w) = -21*w**2 - 12*w + 9. Let p be t(9). What is the tens digit of 66/4*p/(-135)?
2
Let a(l) = -208*l - 77. Let p be a(5). Let i = 467 - p. What is the thousands digit of i?
1
Let g = 264 + -394. Let r = g + 133. Suppose 0 = -4*l - i + 455, 2*l - r*i - 573 = -3*l. What is the tens digit of l?
1
Suppose 0 = y + 2*y, -4 = -2*m - 2*y. Suppose -m*v - 356 = -3*v + 4*i, 3*i - 1780 = -5*v. What is the units digit of v?
6
Suppose -4*p = -4*c + 24, -8*p = -4*p + 4. Suppose 0 = 2*f - c*x - 1197, 4*f - 7*f - 4*x = -1761. What is the tens digit of f?
9
Suppose -4*s + 330 = 3*v, 2*s - 5*v = -3*v + 172. Suppose 3*l - 136 = -2*p, 0*l + l - 45 = -p. Let z = s - l. What is the units digit of z?
8
Let b be 13 + (-10 - 2) + 51 + -1. Suppose -25*m - 19214 = -b*m. What is the tens digit of m?
3
Let x be -4*(924/16 + 3). Let p = 607 + x. What is the hundreds digit of p?
3
What is the tens digit of (-2)/10*(-2 - -3) - (-18739152)/3635?
5
Let i be ((-2)/4 + 0)/((-64)/(-4480)). What is the units digit of (-230)/(1/5 - (-17)/i)?
5
Suppose 5*y + 148 = -1112. Let g = y - -445. What is the tens digit of g?
9
Let v be 16/(-40) + 664/10. Let l be ((-76)/(-10))/(24/60). Let x = l + v. What is the tens digit of x?
8
Suppose 265*i - 11761838 = 28*i - 3428918. What is the ten thousands digit of i?
3
Let r(l) = 7*l**3 - 6*l**2 - 13*l + 106. What is the units digit of r(12)?
2
What is the hundreds digit of -30*24/2*(-91)/5?
5
Let k(d) = 14*d**3 - 18*d**2 - 10*d + 88. What is the units digit of k(9)?
6
Suppose 8*u = -1 + 9. What is the tens digit of (4 - 2 - u)*25*13?
2
Suppose -667*g - 33596 = -4*w - 663*g, -w + 8401 = -2*g. What is the thousands digit of w?
8
Let l = 14379 + -10212. What is the hundreds digit of l?
1
Suppose 3*j - 2*x = -3*x + 4792, -5*x + 7970 = 5*j. Suppose s - i + 2*i = 405, 3*i = 4*s - j. What is the units digit of s?
2
Let f(b) = 5*b**3 - 25*b**2 - 3*b - 75. What is the thousands digit of f(10)?
2
Let s be -7 - (-6)/(36/138). Suppose 13*d - s*d = -2172. What is the units digit of d?
4
Suppose p - 3*p - 3*n = 13, -5*p + 4*n = -25. Let a(o) be the first derivative of 20*o**4 - o**3/3 - o**2/2 + o - 3. What is the units digit of a(p)?
9
Let p = 240 - 255. Let b(n) = -77*n + 20. What is the thousands digit of b(p)?
1
Suppose 5*k - k = -4*a - 492, -a + 4*k - 128 = 0. Let r be (a/6)/(4/18). Let x = r + 228. What is the units digit of x?
5
Let h = -133 - -77. Let j = h + 35. Let y(m) = -4*m - 5. What is the units digit of y(j)?
9
Suppose -4*p = 5*c - 46348, 10*p - c - 33284 = 82640. What is the hundreds digit of p?
5
Suppose 64*k - 62*k - 2652 = 0. Suppose 0 = -12*i + k + 4254. What is the tens digit of i?
6
Let h(d) = -81*d - 54. Let a(v) = -11*v - 194. Let j be a(-17). What is the hundreds digit of h(j)?
5
Suppose -489 + 2769 = 24*h. Suppose -2*o = -5*o + 165. Suppose o + h = 3*s. What is the units digit of s?
0
Let f be (-6)/(-8)*424/159. Suppose 0 = -j + f*k + 352, -14*j = -16*j - 3*k + 669. What is the tens digit of j?
4
Suppose -40*b - 32269 + 145189 = -16*b. What is the units digit of b?
5
Suppose 11*p - 12419 - 18135 = 14073. What is the units digit of p?
7
Suppose 0 = -j - 2, 4*q - 8968 = -5*j + 4894. What is the hundreds digit of q?
4
Suppose -b + 81820 = 4*i, 2304*i + 5*b + 40910 = 2306*i. What is the hundreds digit of i?
4
Suppose c = 4*a - 20833, 3*a - 4*c - 13511 = 2130. What is the hundreds digit of a?
2
What is the hundreds digit of (-360)/(-30) - (10 + (0 - 3)) - -43296?
3
Let l be (-46)/((-4)/10*1). Let g(k) = -2*k + 50 + l - 27. What is the hundreds digit of g(0)?
1
Let h = 52731 - 29246. What is the ten thousands digit of h?
2
Let d(j) = -4*j + 75. Let p be d(18). Suppose 137 = x + 4*u, -210 = p*x - 3*u - 606. What is the units digit of x?
3
Suppose -3*p + 26362 = 5*o, -43990 = 28*p - 33*p + 5*o. What is the tens digit of p?
9
Suppose 3*c + 33 = 3*d, 5*d + 3*c - 37 = -c. Let l be (-252 - 2)*d/(-6). Suppose 0 = -p + 4*x - 2*x + 69, -5*p + x = -l. What is the units digit of p?
7
Suppose -266*o - p = -268*o + 66576, -4*o + 133128 = p. What is the ten thousands digit of o?
3
Let p = 45 - -115. What is the hundreds digit of p/(-6)*1*(-462)